490?
745
Calculate the greatest common factor of 308 and 63987.
77
Calculate the highest common divisor of 50666 and 57526.
98
Calculate the greatest common factor of 9996 and 2450.
98
Calculate the greatest common factor of 170 and 145214.
34
What is the greatest common divisor of 483 and 3332861?
161
Calculate the greatest common factor of 11253 and 1573.
121
What is the greatest common factor of 260 and 53690?
130
Calculate the greatest common factor of 1095 and 16790.
365
Calculate the greatest common divisor of 52461 and 87.
87
What is the highest common factor of 64078 and 13846?
322
Calculate the highest common factor of 1278 and 17111.
71
Calculate the greatest common factor of 9075456 and 936.
936
Calculate the greatest common divisor of 3186 and 7830.
54
What is the greatest common factor of 440576 and 512?
256
Calculate the greatest common divisor of 767 and 1757197.
767
Calculate the greatest common factor of 1610 and 62405.
35
What is the greatest common divisor of 592039 and 1162?
581
What is the highest common divisor of 23152 and 15792?
16
What is the greatest common factor of 8883 and 7567?
329
What is the greatest common divisor of 285 and 136705?
95
Calculate the highest common factor of 2528 and 128.
32
Calculate the greatest common factor of 166 and 54199.
83
What is the greatest common divisor of 3738 and 2039702?
1246
Calculate the greatest common divisor of 1666 and 6494.
34
Calculate the highest common factor of 77 and 175.
7
What is the greatest common factor of 1024 and 38144?
256
Calculate the greatest common divisor of 268 and 10586.
134
What is the greatest common divisor of 433285 and 3592?
449
What is the highest common divisor of 1344 and 429184?
448
What is the highest common divisor of 3320 and 280?
40
What is the highest common divisor of 2596 and 4664?
44
What is the greatest common divisor of 46000 and 12125?
125
Calculate the highest common factor of 1380096 and 8448.
768
What is the greatest common factor of 2368 and 39136?
32
Calculate the greatest common factor of 167937 and 1.
1
Calculate the highest common factor of 126 and 14182.
14
Calculate the greatest common divisor of 44 and 5584.
4
Calculate the highest common divisor of 133871 and 59.
59
Calculate the highest common factor of 2233 and 91.
7
Calculate the greatest common factor of 444 and 3502938.
222
What is the greatest common divisor of 243 and 78822?
9
Calculate the greatest common factor of 9721621 and 658.
329
What is the highest common divisor of 8 and 572?
4
What is the greatest common divisor of 6985 and 5555?
55
What is the greatest common divisor of 6365 and 469?
67
Calculate the highest common divisor of 10051 and 422579.
437
Calculate the highest common factor of 2028 and 84669.
507
What is the greatest common factor of 49 and 6853?
7
What is the highest common factor of 165966 and 123432?
834
What is the highest common factor of 253 and 6336?
11
Calculate the highest common factor of 1600 and 112640.
320
What is the greatest common factor of 14 and 557606?
14
Calculate the greatest common divisor of 23 and 33557.
23
What is the highest common factor of 9700 and 3104?
388
Calculate the highest common divisor of 7665 and 60.
15
Calculate the greatest common divisor of 229706 and 43.
43
Calculate the highest common factor of 1992 and 36.
12
Calculate the highest common divisor of 1582 and 168.
14
What is the greatest common divisor of 45 and 3134730?
15
What is the greatest common divisor of 46 and 834?
2
What is the greatest common factor of 8534 and 29116?
502
Calculate the greatest common divisor of 2219 and 138529.
317
What is the greatest common factor of 592 and 3136?
16
Calculate the greatest common factor of 6400 and 8192.
256
Calculate the greatest common factor of 11203479 and 126.
63
What is the highest common divisor of 21434 and 182?
14
What is the highest common factor of 3211 and 7605?
169
Calculate the greatest common factor of 44976 and 32.
16
Calculate the greatest common factor of 71860 and 980.
20
What is the greatest common divisor of 500 and 17375?
125
What is the highest common factor of 48 and 130112?
16
Calculate the greatest common divisor of 651 and 3171.
21
Calculate the highest common divisor of 66220 and 194876.
1892
Calculate the greatest common factor of 38 and 394117.
19
Calculate the greatest common factor of 219 and 9.
3
What is the highest common divisor of 6787 and 528?
11
Calculate the greatest common divisor of 17805 and 45.
15
What is the greatest common divisor of 1850 and 966625?
925
Calculate the greatest common factor of 96 and 1888.
32
Calculate the greatest common divisor of 4032 and 207.
9
Calculate the highest common factor of 3147560 and 40.
40
Calculate the greatest common divisor of 44 and 141652.
4
What is the highest common divisor of 506 and 1474?
22
Calculate the greatest common divisor of 4144635 and 990.
495
What is the highest common factor of 8 and 3044176?
8
Calculate the greatest common divisor of 75449 and 2651.
11
What is the highest common factor of 35277 and 3751?
11
What is the highest common factor of 94360 and 2520?
280
Calculate the highest common factor of 42 and 10086.
6
Calculate the highest common factor of 10866 and 114.
6
Calculate the greatest common divisor of 7153 and 29141.
23
What is the greatest common factor of 52 and 320268?
52
What is the greatest common divisor of 19370 and 40826?
298
Calculate the greatest common divisor of 326712 and 72.
24
Calculate the greatest common divisor of 16 and 382240.
16
Calculate the highest common divisor of 562 and 159889.
281
What is the greatest common divisor of 900 and 94700?
100
Calculate the greatest common factor of 132146 and 98.
14
Calculate the highest common divisor of 2951417 and 93.
31
What is the greatest common factor of 73669 and 23?
23
Calculate the highest common divisor of 574 and 9618.
14
What is the highest common factor of 168 and 36512?
56
What is the greatest common factor of 19166 and 3472?
14
What is the greatest common factor of 689 and 245?
1
What is the highest common divisor of 30359 and 203?
7
What is the greatest common divisor of 14 and 78946?
14
What is the greatest common factor of 1921 and 60794?
113
What is the highest common divisor of 26928 and 47736?
1224
Calculate the highest common factor of 505 and 7445.
5
What is the highest common divisor of 322 and 17234?
14
What is the highest common factor of 236245 and 185?
185
What is the greatest common divisor of 56 and 308?
28
What is the greatest common divisor of 106 and 586127?
53
Calculate the highest common factor of 3140 and 2275.
5
What is the greatest common divisor of 1633316 and 76?
76
Calculate the highest common factor of 1944 and 8019.
243
What is the greatest common divisor of 1809 and 1407?
201
What is the greatest common factor of 186 and 576?
6
Calculate the highest common divisor of 24 and 144504.
24
Calculate the highest common factor of 54 and 9846.
18
Calculate the greatest common divisor of 910 and 790.
10
Calculate the highest common divisor of 20826 and 5850.
234
Calculate the highest common factor of 70475 and 1375.
25
What is the greatest common factor of 441 and 231993?
9
What is the greatest common divisor of 800 and 120?
40
Calculate the greatest common divisor of 774 and 22016.
86
What is the highest common factor of 617240 and 1170?
130
What is the highest common divisor of 122111 and 187?
187
Calculate the highest common factor of 96089 and 518.
259
What is the greatest common factor of 51908 and 228?
76
What is the highest common divisor of 29354 and 286?
26
What is the highest common factor of 34189 and 15931?
179
Calculate the greatest common factor of 1551 and 1402527.
141
Calculate the greatest common divisor of 119029 and 111.
37
Calculate the greatest common divisor of 377182 and 4628.
2314
Calculate the highest common factor of 73176 and 564.
12
What is the highest common divisor of 430 and 136955?
215
Calculate the greatest common divisor of 12351 and 1587.
69
Calculate the highest common factor of 91 and 19607.
7
What is the highest common factor of 1408 and 9064?
88
What is the highest common divisor of 113826 and 3?
3
Calculate the greatest common factor of 735 and 630.
105
Calculate